z - 4100 = 117*z - 4*s, -3*s - 2065 = -2*z. What is the highest common factor of 12 and z?
4
Suppose -2*z - 3856 = -4*o, 0 = -58*o + 60*o - 2*z - 1932. Let v = o + -954. Calculate the highest common factor of 5 and v.
1
Let f(g) = 45*g + 571. Let i be f(-10). What is the greatest common factor of 55 and i?
11
Suppose l + 2676 = 2673, -1224 = -g - 2*l. What is the highest common factor of g and 870?
30
Let n = 988 - 946. Calculate the highest common divisor of 315 and n.
21
Let w be 48*(12/27 + (-4)/(-18)). Let v = 179 + -68. Suppose 31 - v = -b. What is the greatest common divisor of b and w?
16
Suppose a - 27*w - 78 = -30*w, 0 = 5*a - 3*w - 498. What is the greatest common divisor of 528 and a?
48
Let o(u) = 2*u - u - 4 - 3*u - 2*u. Let n be o(-5). Suppose 0 = 2*b - 4*k - n - 16, 4*b = 3*k + 74. Calculate the highest common factor of 80 and b.
20
Let l = -3 - -2. Let h be (238/42)/(l/24*-2). Let d = h - 41. What is the greatest common divisor of 63 and d?
9
Let s = -147 + 47. Let b be 3 - (3 - s/(-5)). Let w be 12 - (3 + 15/(-6))*4. Calculate the greatest common divisor of b and w.
10
Let s = 8 - 13. Suppose 0 = 2*n - 2*q - 11 - 23, q - 25 = -n. Let c = n - s. What is the highest common factor of 13 and c?
13
Let a = 7348 - 4036. What is the greatest common factor of a and 18?
18
Let n(b) be the third derivative of 7*b**5/60 - 13*b**4/6 - 5*b**3/2 - 47*b**2. Let y be n(8). What is the greatest common factor of y and 527?
17
Suppose -3*l = 4*d - 65, -3*d + 51 = 3*l - 0*l. Suppose -6*t + 28*t = 44. Suppose -14 = -5*c - t*c. Calculate the greatest common divisor of d and c.
2
Let s(z) = 8*z - 1. Let p(h) = 7*h - 2. Let k(d) = -3*p(d) + 2*s(d). Let y be k(6). Let v = y + 32. Calculate the highest common divisor of 24 and v.
6
Let t = -14572 - -15976. What is the highest common factor of 1728 and t?
108
Let o be (-1 - 5)/((-14)/189). Suppose o = -3*g + 279. Let n(h) = h**3 - 6*h**2 + 6*h + 1. Let f be n(5). Calculate the greatest common factor of f and g.
6
Suppose -17*h - 19 = -121. Suppose 0 = -4*k + 2*k + 48. Suppose 3*s - 19 = -3*q - 4, -3*q + k = 4*s. Calculate the greatest common divisor of h and s.
3
Let y(a) = -a**2 - 8*a - 1. Let u be y(-4). Let k be (-182)/((0 + 1)*21/(-105)). Let g = -890 + k. Calculate the greatest common divisor of u and g.
5
Let z be 2/11 - (-34)/(8602/12857). Calculate the greatest common factor of 2448 and z.
51
Let m = -797 - -863. Let r(h) = h**2 + 15*h + 14. Let i be r(-16). Let v be i/4*20/25. What is the greatest common divisor of v and m?
6
Let m(y) = 15*y**2 + 2*y - 6. Let f be m(3). Let p be (18/(-15))/((-9)/f). Calculate the greatest common factor of 18 and p.
18
Suppose -60705 = -15*w + 1167 - 11652. Calculate the greatest common divisor of 124 and w.
124
Suppose j = d + 14083, -1902 = j + 5*d - 15979. Calculate the highest common divisor of j and 6.
6
Let y = -7583 - -8031. What is the greatest common factor of 7952 and y?
112
Let d = -19329 - -19537. Calculate the greatest common factor of 2384 and d.
16
Let z(l) = -l - 5. Suppose -2*q + 5*u - 16 = q, -3*q - 4*u = -2. Let h be z(q). Let k be 168/70 + h/(-5). What is the highest common divisor of 33 and k?
3
Suppose 0 = 12*v - 2199 - 1401. What is the highest common factor of 90 and v?
30
Suppose 8*i - 3*i + 50 = 0. Suppose -2*w = -8*w + 6, w = -4*g - 179. Let m be 97 - (-9)/(g/i). What is the greatest common divisor of m and 11?
11
Let p(o) = -205*o + 1318. Let v be p(6). Calculate the highest common factor of 473 and v.
11
Suppose -4*c + 29 = -15. Suppose 2*l + 4*i - 202 = 5*i, 5*l + 5*i - 475 = 0. What is the greatest common factor of c and l?
11
Suppose 4*v + 3*w = -w + 20, -3*w + 15 = 5*v. Let z(u) = -2*u**2 - 7*u + 33. Let k be z(v). What is the greatest common divisor of 429 and k?
33
Suppose -8463 = 1252*d - 1345*d. Suppose -5*c - 2*m - 54 + 192 = 0, -2*c = -m - 57. Calculate the greatest common divisor of d and c.
7
Let j be ((-1834)/(-1441))/(1/11). Calculate the highest common factor of 469 and j.
7
Suppose 12*h - 28*h = -1296. Calculate the greatest common divisor of h and 5751.
81
Let h be (11280/75)/(-4*(-7)/2450). What is the greatest common divisor of 14 and h?
14
Suppose 26*g = g + 13775. What is the greatest common divisor of g and 290?
29
Let x = -7 + 13. Suppose 775 = x*u - 701. Calculate the greatest common divisor of u and 6.
6
Suppose 100 = -19*l + 271. Suppose -276 = -s + 4*g - 0*g, 0 = -3*g - l. Calculate the highest common factor of 96 and s.
24
Let x = 150 - 103. What is the greatest common divisor of x and 1?
1
Let f(x) = -x**3 + x**2 - 5*x + 13. Let r = -117 - -121. Let n be f(r). Let w be 34/6 + -5 - n/3. What is the highest common divisor of 209 and w?
19
Suppose -1991 = 90*q - 4076 - 2865. Let i = 1540 - 660. Calculate the highest common divisor of i and q.
55
Suppose 2*h + 102 = 2*u, -228 = -5*u + 147*h - 151*h. Calculate the greatest common factor of u and 1328.
16
Let x(d) = -d**3 + 44*d**2 - 71*d + 79. Let a be x(41). Calculate the highest common factor of a and 33.
33
Let s be (35/120*-3)/(10/1720)*-2. What is the highest common divisor of s and 35?
7
Suppose 57*m - 56*m - 65 = -4*o, 5*o + m = 81. Calculate the highest common factor of o and 2260.
4
Let c(y) = -117*y - 1662. Let m be c(-16). What is the highest common divisor of m and 560?
70
Suppose f - 25 = s - 87, 0 = -3*f - 6. Let z = 131 + -116. Calculate the highest common factor of z and s.
15
Suppose 2*n - 9385 = n - 5*b, 3*b = 3*n - 28119. What is the highest common divisor of n and 15?
15
Suppose 327*j = 102*j + 316800. What is the highest common factor of j and 4864?
128
Let d be (8/(-28) - 62/28)*(-543 + 97). Calculate the greatest common divisor of d and 669.
223
Let s(r) = r**2 + 6*r + 5. Let u be s(-5). Suppose u*q - 5 = -q. Suppose 4*p = -5*x + x + 112, -62 = -2*p - 4*x. What is the highest common divisor of q and p?
5
Let x = -16777 + 19720. Calculate the highest common divisor of 27 and x.
27
Let r = -218 + 227. Let n be ((-30)/r*-3)/1. What is the highest common divisor of 160 and n?
10
Suppose -16*x - 13935 + 21375 = 0. What is the greatest common divisor of x and 403?
31
Let m(c) = c**3 + 20*c**2 + 20*c + 52. Let a be m(-19). Calculate the greatest common factor of a and 75.
3
Suppose -260*d + 104261 = -66405 - 160834. What is the highest common divisor of 5 and d?
5
Let u be 26/(-28) + (-60)/(-140) + 793/2. Calculate the highest common divisor of u and 216.
36
Let q be ((-95)/15)/(3/(-738)) - 1. Let h = -938 + q. Let t = -419 + h. What is the greatest common divisor of t and 40?
40
Suppose 3*z = -2*b + 278, z - b + 0*b - 96 = 0. Suppose z = n + 420. Let c = -162 - n. What is the highest common factor of c and 41?
41
Let k be 2031 + -6 + 10 + -19. Calculate the highest common divisor of 192 and k.
96
Suppose -i + 2*p = 41, -i + 5*i = -3*p - 109. Let h = 34 + i. Suppose 3*k = -t + 35, 25 = h*k - t - 0*t. What is the highest common factor of 80 and k?
10
Suppose 7*m + 880 = 4*k, -2*k + 15*m + 444 = 12*m. Calculate the greatest common factor of k and 1098.
18
Let b(k) = -648*k + 6633. Let q be b(10). What is the highest common factor of q and 2737?
17
Suppose -13086 - 27619 = -35*m. Calculate the greatest common factor of 1 and m.
1
Suppose 18 = 3*i - 47 + 2. Calculate the greatest common divisor of i and 175.
7
Suppose 5*m - 2 = -5*q + 23, -4 = -2*q - 5*m. Suppose -q = 2*s + 9. Let o be (1 - 13)/(s/52). What is the highest common divisor of o and 52?
26
Let w be -6*2/(-6) + -5. Let p be w*(388/(-15) + 4/(-5)). Suppose 0 = -5*q - 3*j - 0*j + 89, 0 = -5*j + 15. Calculate the greatest common divisor of q and p.
16
Let h(b) = -215*b - 2605. Let k be h(-14). Suppose -113 - 23 = 2*a. Let w = a - -113. What is the greatest common divisor of k and w?
45
Suppose -4*n + 814 = 78. Suppose 8*f - 10*f - n = 0. Let u = f + 108. What is the highest common divisor of u and 32?
16
Let b be 25 + 26 + 3971 - -25. Calculate the highest common factor of 76 and b.
19
Suppose -m = -2*o - 2, -755*m + 757*m + 5*o - 22 = 0. Calculate the highest common factor of 4518 and m.
6
Suppose -120*b + 11682 = -3318. What is the greatest common factor of b and 1100?
25
Let y = 3300 + 3270. Calculate the highest common factor of 45 and y.
45
Suppose 0*r = -r - 496. Let o = -481 - 